{"id":29,"date":"2025-09-25T09:16:43","date_gmt":"2025-09-25T09:16:43","guid":{"rendered":"https:\/\/tailler-greffer.fr\/?page_id=29"},"modified":"2026-03-24T10:03:50","modified_gmt":"2026-03-24T10:03:50","slug":"tailler","status":"publish","type":"page","link":"https:\/\/tailler-greffer.fr\/index.php\/tailler\/","title":{"rendered":"Tailler"},"content":{"rendered":"<ul class=\"wp-block-page-list\"><li class=\"wp-block-pages-list__item\"><a class=\"wp-block-pages-list__item__link\" href=\"https:\/\/tailler-greffer.fr\/index.php\/tailler\/10-questions-frequemment-posees-a-propos-de-la-taille\/\">10 questions fr\u00e9quemment pos\u00e9es \u00e0 propos de la taille<\/a><\/li><li class=\"wp-block-pages-list__item\"><a class=\"wp-block-pages-list__item__link\" href=\"https:\/\/tailler-greffer.fr\/index.php\/tailler\/et-si-lon-parlait-du-tailleur-et-de-la-tailleuse\/\">Et si l&rsquo;on parlait du tailleur &#8211; et de la tailleuse !<\/a><\/li><li class=\"wp-block-pages-list__item\"><a class=\"wp-block-pages-list__item__link\" href=\"https:\/\/tailler-greffer.fr\/index.php\/tailler\/quelques-fondamentaux\/\">Indispensables fondamentaux<\/a><\/li><li class=\"wp-block-pages-list__item\"><a class=\"wp-block-pages-list__item__link\" href=\"https:\/\/tailler-greffer.fr\/index.php\/tailler\/la-formation-etape-decisive\/\">La formation, \u00e9tape d\u00e9cisive<\/a><\/li><li class=\"wp-block-pages-list__item\"><a class=\"wp-block-pages-list__item__link\" href=\"https:\/\/tailler-greffer.fr\/index.php\/tailler\/la-decision-de-tailler-ou-pas-une-musique-a-4-temps\/\">La d\u00e9cision de tailler (ou pas) : une musique \u00e0 4 temps bas\u00e9e sur l&rsquo;observation<\/a><\/li><\/ul>","protected":false},"excerpt":{"rendered":"","protected":false},"author":1,"featured_media":0,"parent":0,"menu_order":2,"comment_status":"closed","ping_status":"closed","template":"","meta":{"footnotes":""},"class_list":["post-29","page","type-page","status-publish","hentry"],"_links":{"self":[{"href":"https:\/\/tailler-greffer.fr\/index.php\/wp-json\/wp\/v2\/pages\/29","targetHints":{"allow":["GET"]}}],"collection":[{"href":"https:\/\/tailler-greffer.fr\/index.php\/wp-json\/wp\/v2\/pages"}],"about":[{"href":"https:\/\/tailler-greffer.fr\/index.php\/wp-json\/wp\/v2\/types\/page"}],"author":[{"embeddable":true,"href":"https:\/\/tailler-greffer.fr\/index.php\/wp-json\/wp\/v2\/users\/1"}],"replies":[{"embeddable":true,"href":"https:\/\/tailler-greffer.fr\/index.php\/wp-json\/wp\/v2\/comments?post=29"}],"version-history":[{"count":36,"href":"https:\/\/tailler-greffer.fr\/index.php\/wp-json\/wp\/v2\/pages\/29\/revisions"}],"predecessor-version":[{"id":397,"href":"https:\/\/tailler-greffer.fr\/index.php\/wp-json\/wp\/v2\/pages\/29\/revisions\/397"}],"wp:attachment":[{"href":"https:\/\/tailler-greffer.fr\/index.php\/wp-json\/wp\/v2\/media?parent=29"}],"curies":[{"name":"wp","href":"https:\/\/api.w.org\/{rel}","templated":true}]}}