{"id":350,"date":"2026-03-22T14:59:05","date_gmt":"2026-03-22T14:59:05","guid":{"rendered":"https:\/\/tailler-greffer.fr\/?page_id=350"},"modified":"2026-03-25T09:01:52","modified_gmt":"2026-03-25T09:01:52","slug":"quelques-fondamentaux","status":"publish","type":"page","link":"https:\/\/tailler-greffer.fr\/index.php\/tailler\/quelques-fondamentaux\/","title":{"rendered":"Indispensables fondamentaux"},"content":{"rendered":"\n<div id=\"ez-toc-container\" class=\"ez-toc-v2_0_82_2 counter-hierarchy ez-toc-counter ez-toc-grey ez-toc-container-direction\">\n<div class=\"ez-toc-title-container\">\n<p class=\"ez-toc-title\" style=\"cursor:inherit\">Sommaire<\/p>\n<span class=\"ez-toc-title-toggle\"><a href=\"#\" class=\"ez-toc-pull-right ez-toc-btn ez-toc-btn-xs ez-toc-btn-default ez-toc-toggle\" aria-label=\"Toggle Table of Content\"><span class=\"ez-toc-js-icon-con\"><span class=\"\"><span class=\"eztoc-hide\" style=\"display:none;\">Toggle<\/span><span class=\"ez-toc-icon-toggle-span\"><svg style=\"fill: #999;color:#999\" xmlns=\"http:\/\/www.w3.org\/2000\/svg\" class=\"list-377408\" width=\"20px\" height=\"20px\" viewBox=\"0 0 24 24\" fill=\"none\"><path d=\"M6 6H4v2h2V6zm14 0H8v2h12V6zM4 11h2v2H4v-2zm16 0H8v2h12v-2zM4 16h2v2H4v-2zm16 0H8v2h12v-2z\" fill=\"currentColor\"><\/path><\/svg><svg style=\"fill: #999;color:#999\" class=\"arrow-unsorted-368013\" xmlns=\"http:\/\/www.w3.org\/2000\/svg\" width=\"10px\" height=\"10px\" viewBox=\"0 0 24 24\" version=\"1.2\" baseProfile=\"tiny\"><path d=\"M18.2 9.3l-6.2-6.3-6.2 6.3c-.2.2-.3.4-.3.7s.1.5.3.7c.2.2.4.3.7.3h11c.3 0 .5-.1.7-.3.2-.2.3-.5.3-.7s-.1-.5-.3-.7zM5.8 14.7l6.2 6.3 6.2-6.3c.2-.2.3-.5.3-.7s-.1-.5-.3-.7c-.2-.2-.4-.3-.7-.3h-11c-.3 0-.5.1-.7.3-.2.2-.3.5-.3.7s.1.5.3.7z\"\/><\/svg><\/span><\/span><\/span><\/a><\/span><\/div>\n<nav><ul class='ez-toc-list ez-toc-list-level-1 ' ><li class='ez-toc-page-1 ez-toc-heading-level-3'><a class=\"ez-toc-link ez-toc-heading-1\" href=\"https:\/\/tailler-greffer.fr\/index.php\/tailler\/quelques-fondamentaux\/#Comment_une_branche_sallonge_t-elle\" >Comment une branche s\u2019allonge t-elle&nbsp;?<\/a><\/li><li class='ez-toc-page-1 ez-toc-heading-level-3'><a class=\"ez-toc-link ez-toc-heading-2\" href=\"https:\/\/tailler-greffer.fr\/index.php\/tailler\/quelques-fondamentaux\/#Une_branche_peut-elle_sabaisser_Se_redresser\" >Une branche peut-elle s\u2019abaisser&nbsp;? Se redresser&nbsp;?<\/a><\/li><li class='ez-toc-page-1 ez-toc-heading-level-3'><a class=\"ez-toc-link ez-toc-heading-3\" href=\"https:\/\/tailler-greffer.fr\/index.php\/tailler\/quelques-fondamentaux\/#Comment_un_arbre_tend-il_vers_une_certaine_forme\" >Comment un arbre tend-il vers une certaine forme&nbsp;?<\/a><\/li><li class='ez-toc-page-1 ez-toc-heading-level-3'><a class=\"ez-toc-link ez-toc-heading-4\" href=\"https:\/\/tailler-greffer.fr\/index.php\/tailler\/quelques-fondamentaux\/#Les_regles_de_circulation_de_la_seve_et_leurs_applications_pratiques\" >Les r\u00e8gles de circulation de la s\u00e8ve et leurs applications pratiques<\/a><\/li><li class='ez-toc-page-1 ez-toc-heading-level-3'><a class=\"ez-toc-link ez-toc-heading-5\" href=\"https:\/\/tailler-greffer.fr\/index.php\/tailler\/quelques-fondamentaux\/#Tailler_cest_fermer_un_robinet\" >Tailler, c\u2019est fermer un robinet<\/a><\/li><li class='ez-toc-page-1 ez-toc-heading-level-3'><a class=\"ez-toc-link ez-toc-heading-6\" href=\"https:\/\/tailler-greffer.fr\/index.php\/tailler\/quelques-fondamentaux\/#La_taille_accroit-elle_la_vigueur\" >La taille accroit-elle la vigueur&nbsp;?<\/a><\/li><li class='ez-toc-page-1 ez-toc-heading-level-3'><a class=\"ez-toc-link ez-toc-heading-7\" href=\"https:\/\/tailler-greffer.fr\/index.php\/tailler\/quelques-fondamentaux\/#Faire_une_coupe_correcte\" >Faire une coupe correcte<\/a><\/li><li class='ez-toc-page-1 ez-toc-heading-level-3'><a class=\"ez-toc-link ez-toc-heading-8\" href=\"https:\/\/tailler-greffer.fr\/index.php\/tailler\/quelques-fondamentaux\/#En_vegetation_oublier_presque_toujours_le_secateur\" >En v\u00e9g\u00e9tation, oublier (presque toujours) le s\u00e9cateur<\/a><\/li><li class='ez-toc-page-1 ez-toc-heading-level-3'><a class=\"ez-toc-link ez-toc-heading-9\" href=\"https:\/\/tailler-greffer.fr\/index.php\/tailler\/quelques-fondamentaux\/#En_repos_vegetatif_observer_et_tailler_tous_les_ans\" >En repos v\u00e9g\u00e9tatif, observer (et tailler) tous les ans<\/a><\/li><li class='ez-toc-page-1 ez-toc-heading-level-3'><a class=\"ez-toc-link ez-toc-heading-10\" href=\"https:\/\/tailler-greffer.fr\/index.php\/tailler\/quelques-fondamentaux\/#Que_faire_dun_arbre_qui_pousse_trop\" >Que faire d\u2019un arbre qui pousse trop&nbsp;?<\/a><\/li><li class='ez-toc-page-1 ez-toc-heading-level-3'><a class=\"ez-toc-link ez-toc-heading-11\" href=\"https:\/\/tailler-greffer.fr\/index.php\/tailler\/quelques-fondamentaux\/#Que_faire_dun_arbre_qui_ne_se_met_pas_a_fleur\" >Que faire d\u2019un arbre qui ne se met pas \u00e0 fleur\u00a0?<\/a><\/li><\/ul><\/nav><\/div>\n<h3 class=\"wp-block-heading\"><span class=\"ez-toc-section\" id=\"Comment_une_branche_sallonge_t-elle\"><\/span><strong><u>Comment une branche s\u2019allonge t-elle&nbsp;?<\/u><\/strong><span class=\"ez-toc-section-end\"><\/span><\/h3>\n\n\n\n<p>Une branche cro\u00eet en longueur par les nouvelles pousses produites annuellement.<\/p>\n\n\n\n<p>Sch\u00e9ma (chaque bourgeon donne une pousse lin\u00e9aire, non ramifi\u00e9e).<\/p>\n\n\n\n<p>La croissance s\u2019effectue dans l\u2019extr\u00e9mit\u00e9 non lignifi\u00e9e du rameau. D\u00e8s que la pousse est lignifi\u00e9e, l\u2019accroissement en longueur n\u2019est plus possible.<\/p>\n\n\n\n<p>Sch\u00e9ma&nbsp;: une branche, deux marques. Plusieurs ann\u00e9es apr\u00e8s, m\u00eame distance.<\/p>\n\n\n\n<p>Sch\u00e9ma&nbsp;: un tronc. Idem<\/p>\n\n\n\n<h3 class=\"wp-block-heading\"><span class=\"ez-toc-section\" id=\"Une_branche_peut-elle_sabaisser_Se_redresser\"><\/span><strong><u>Une branche peut-elle s\u2019abaisser&nbsp;? Se redresser&nbsp;?<\/u><\/strong><span class=\"ez-toc-section-end\"><\/span><\/h3>\n\n\n\n<p>Sous le poids du feuillage et des fruits, une branche peut plier et s\u2019abaisser.<\/p>\n\n\n\n<p>Sch\u00e9ma<\/p>\n\n\n\n<p>Mais, et c\u2019est moins connu, une branche peut, dans certains cas, se redresser !<\/p>\n\n\n\n<p>Sch\u00e9ma, cerisier, axe coup\u00e9, redressement d\u2019une branche du verticille.<\/p>\n\n\n\n<p><em>Pour aller plus loin : comment une branche peut-elle se redresser ?<\/em><\/p>\n\n\n\n<p>Les forestiers, qui recherchent des f\u00fbts le plus droit possible, ont \u00e9tudi\u00e9 cette possibilit\u00e9 qu\u2019ont les branches de modifier leur position dans l\u2019espace. Voil\u00e0 ce qu\u2019\u00e9crit Catherine Bourgeois, de l\u2019IDF (Institut du D\u00e9veloppement Forestier)&nbsp;dans <em><u>\u00ab&nbsp;Le ch\u00e2taignier, un arbre un bois&nbsp;\u00bb&nbsp;:<\/u><\/em><\/p>\n\n\n\n<p><em>Comme dans tous les feuillus, ce sont les fibres de tension qui ont un r\u00f4le dans la r\u00e9-orientation de l\u2019axe de l\u2019arbre. Ces fibres de tensions sont dans la partie sup\u00e9rieure de la branche (ou de l\u2019arbre). Elles forment des zones plus sombres dans le bois (chez les r\u00e9sineux, ce sont des fibres de compression, situ\u00e9es en partie inf\u00e9rieure, qui jouent le m\u00eame r\u00f4le).<\/em><\/p>\n\n\n\n<h3 class=\"wp-block-heading\"><span class=\"ez-toc-section\" id=\"Comment_un_arbre_tend-il_vers_une_certaine_forme\"><\/span><strong><u>Comment un arbre tend-il vers une certaine forme&nbsp;?<\/u><\/strong><span class=\"ez-toc-section-end\"><\/span><\/h3>\n\n\n\n<p>Pourquoi un pommier non taill\u00e9 va-t-il tendre vers une forme en boule, et le poirier plant\u00e9 \u00e0 c\u00f4t\u00e9 vers une forme en pyramide pos\u00e9e sur sa pointe&nbsp;?<\/p>\n\n\n\n<p>La forme d\u2019un arbre et ses dimensions r\u00e9sultent de l\u2019expression de son g\u00e9notype (ses g\u00e8nes) dans un environnement donn\u00e9.<br><span style=\"letter-spacing: -0.22px;\">Le g\u00e9notype conditionne la longueur de la pousse (plus ou moins longue), l\u2019aptitude \u00e0 la ramification, l\u2019angle d\u2019insertion des nouvelles pousses, la souplesse du bois, le nombre de fruits et leurs poids (qui vont abaisser plus ou moins les branches)\u2026<\/span><br><span style=\"letter-spacing: -0.22px;\">L\u2019environnement&nbsp;:<\/span><br><span style=\"letter-spacing: -0.22px;\">La lumi\u00e8re,<\/span><br>Le climat,<br>La nutrition min\u00e9rale et hydrique<\/p>\n\n\n\n<p>La pr\u00e9sence de ravageurs. <span style=\"letter-spacing: -0.22px;\">Et, toute son existence, l\u2019arbre va tendre vers cette forme.<\/span><\/p>\n\n\n\n<p>Chaque fois que, par la taille, on va r\u00e9duire l\u2019arbre et l\u2019\u00e9loigner de cette forme et de ce volume, celui-ci va r\u00e9agir et tendre \u00e0 retrouver ses caract\u00e9ristiques premi\u00e8res. Il va le faire avec une architecture tr\u00e8s diff\u00e9rente, mais la forme, elle va \u00eatre conserv\u00e9e.<\/p>\n\n\n\n<p>Sch\u00e9ma&nbsp;: cerisier non taill\u00e9 (scion non rabattu), puis taill\u00e9 en ne conservant que les branches les plus basses.<\/p>\n\n\n\n<p>Et plus on va contraindre l\u2019arbre et plus on va l\u2019\u00e9loigner de sa \u00ab&nbsp;zone de confort&nbsp;\u00bb qui lui permet de produire r\u00e9guli\u00e8rement et durablement des fruits de qualit\u00e9.<\/p>\n\n\n\n<p>C\u2019est pour cette raison que les arboriculteurs apportent la plus grande attention au choix du porte-greffe, des distances de plantation et de la forme fruiti\u00e8re.<\/p>\n\n\n\n<p>L\u2019amateur, lui aussi, veillera \u00e0 ne pas trop contraindre l\u2019arbre&nbsp;: il pourra lui donner une forme diff\u00e9rente de son port naturel, mais sans restreindre excessivement son volume (ou sa surface foliaire).<\/p>\n\n\n\n<h3 class=\"wp-block-heading\"><span class=\"ez-toc-section\" id=\"Les_regles_de_circulation_de_la_seve_et_leurs_applications_pratiques\"><\/span><strong><u>Les r\u00e8gles de circulation de la s\u00e8ve et leurs applications pratiques<\/u><\/strong><span class=\"ez-toc-section-end\"><\/span><\/h3>\n\n\n\n<p><span style=\"letter-spacing: -0.22px;\">La s\u00e8ve se porte vers les branches les plus hautes (ou \u00ab&nbsp;les branches les plus hautes sont mieux aliment\u00e9es en s\u00e8ve&nbsp;\u00bb) (sauf rares exceptions de vari\u00e9t\u00e9s tr\u00e8s basitones),<\/span><br><span style=\"letter-spacing: -0.22px;\">Sch\u00e9ma, deux branches de m\u00eame diam\u00e8tre, verticales, les deux coup\u00e9es. La coup\u00e9e + haut a plus de gourmands.La s\u00e8ve se porte vers les branches les plus longues,<\/span><br><span style=\"letter-spacing: -0.22px;\">Sch\u00e9ma, deux branches horizontales, l\u2019une plus longue que l\u2019autre,<\/span><\/p>\n\n\n\n<p><em>Premier exemple d\u2019application de ces r\u00e8gles&nbsp;: la formation d\u2019un gobelet&nbsp;:<\/em><\/p>\n\n\n\n<p>Sch\u00e9ma, 3 branches de longueur force diff\u00e9rente, gobelet \u00e9quilibr\u00e9 en recoupant au niveau de la plus faible.<\/p>\n\n\n\n<p><em>Deuxi\u00e8me exemple&nbsp;: l\u2019utilisation des tire-s\u00e8ve&nbsp;:<\/em><\/p>\n\n\n\n<p>Exemple d\u2019un gobelet, une charpenti\u00e8re moins forte. Tires-s\u00e8ve conserv\u00e9s deux ans.<\/p>\n\n\n\n<p>Ou un arbre, poussant peu, (cerisier), conserver des tire-s\u00e8ve.<\/p>\n\n\n\n<h3 class=\"wp-block-heading\"><span class=\"ez-toc-section\" id=\"Tailler_cest_fermer_un_robinet\"><\/span><strong><u>Tailler, c\u2019est fermer un robinet<\/u><\/strong><span class=\"ez-toc-section-end\"><\/span><\/h3>\n\n\n\n<p>En coupant (en hiver) on interrompt la circulation de la s\u00e8ve dans les vaisseaux du bois (au printemps).<\/p>\n\n\n\n<p>La s\u00e8ve qui ne peut plus circuler dans la branche coup\u00e9e va se reporter sur les branches conserv\u00e9es et, pr\u00e9f\u00e9rentiellement, dans les branches les plus proches de la coupe.<\/p>\n\n\n\n<p><em>Donc&nbsp;:<\/em><\/p>\n\n\n\n<p>Si je veux favoriser les branches basses, je coupe des branches dans le haut.<\/p>\n\n\n\n<p>Si je veux favoriser&nbsp; les branches hautes, je coupe des branches d\u2019en bas.<\/p>\n\n\n\n<p>Si je veux favoriser la partie droite de l\u2019arbre, je coupe des branches situ\u00e9es \u00e0 gauche de l\u2019arbre.<br>Si je veux favoriser la partie nord de l\u2019arbre, je coupe des branches situ\u00e9es dans la partie sud de l\u2019arbre.<\/p>\n\n\n\n<p>\u2026<\/p>\n\n\n\n<p>Les erreurs les plus fr\u00e9quentes concernent la mauvaise compr\u00e9hension de ce principe.<\/p>\n\n\n\n<p>Dire <em>\u00ab&nbsp;couper appelle la s\u00e8ve<\/em>&nbsp;\u00bb est une erreur due \u00e0 <em>l\u2019illusion de la taille<\/em>. En effet, des gourmands d\u00e9marrent fr\u00e9quemment en dessous de la coupe, mais la s\u00e8ve qui les alimente est tr\u00e8s inf\u00e9rieure \u00e0 celle qui circulerait dans la branche si elle n\u2019avait pas \u00e9t\u00e9 coup\u00e9e.<\/p>\n\n\n\n<p>Couper des branches au nord pour appeler la s\u00e8ve au nord et donc favoriser la partie nord de l\u2019arbre est une erreur&nbsp;: c\u2019est bien au sud qu\u2019il faut tailler&nbsp;pour favoriser le nord&nbsp;!<\/p>\n\n\n\n<h3 class=\"wp-block-heading\"><span class=\"ez-toc-section\" id=\"La_taille_accroit-elle_la_vigueur\"><\/span><strong><u>La taille accroit-elle la vigueur&nbsp;?<\/u><\/strong><span class=\"ez-toc-section-end\"><\/span><\/h3>\n\n\n\n<p>Il est souvent dit \u2013 ou \u00e9crit \u2013 que la taille accro\u00eet la vigueur. Cette r\u00e9ponse trop g\u00e9n\u00e9rale (et souvent erron\u00e9e) est due \u00e0 une illusion d\u2019optique que l\u2019on nomme parfois \u00ab&nbsp;l\u2019illusion de la taille&nbsp;\u00bb. En effet, lorsqu\u2019on coupe, par exemple, une branche \u00e0 moiti\u00e9, un ou plusieurs gourmands pousseront en-dessous de la coupe. L\u2019\u0153il voit ces quelques pousses vigoureuses et les associe \u00e0 une bonne vigueur&nbsp;g\u00e9n\u00e9rale de l\u2019arbre ; mais il ne voit pas \u2013 et pour cause&nbsp;! &#8211; les nombreuses pousses qui auraient pu cro\u00eetre si la branche n\u2019avait pas \u00e9t\u00e9 coup\u00e9e.<\/p>\n\n\n\n<p>L\u2019une des erreurs les plus fr\u00e9quentes du jardinier est de vouloir redonner de la vigueur \u00e0 un arbre faible par une taille s\u00e9v\u00e8re alors que la solution \u00e9tait ailleurs&nbsp;: fertiliser (arroser lorsque c\u2019est possible), effectuer une taille de fructification et, si n\u00e9cessaire, \u00e9claircir pr\u00e9cocement les fruits en surnombre.<\/p>\n\n\n\n<p>Par contre, la taille accentue la vigueur lorsque, par une taille de fructification, l\u2019on supprime de nombreux rameaux charg\u00e9s de bourgeons \u00e0 fleur, ne laissant que ceux n\u00e9cessaire \u00e0 la fructification de la saison suivante. La surface foliaire est globalement conserv\u00e9e alors que les fleurs et les jeunes fruits seront moins nombreux&nbsp;: l\u2019arbre aura plus d\u2019\u00e9nergie pour de nouvelles pousses ou pour accro\u00eetre son syst\u00e8me racinaire.<\/p>\n\n\n\n<p class=\"has-medium-font-size\"><em><u>Plus d\u2019explications sur la relation taille \/ vigueur&nbsp;:<\/u><\/em><\/p>\n\n\n\n<p class=\"has-medium-font-size\">Et tout d\u2019abord, la vigueur, c\u2019est quoi&nbsp;?<\/p>\n\n\n\n<p class=\"has-medium-font-size\">La vigueur s\u2019appr\u00e9cie visuellement \u2013 et subjectivement &#8211; par le nombre de <em><u>pousses<\/u><\/em> et par leur longueur. Plus un arbre est dot\u00e9 de nombreuses pousses longues, plus il sera jug\u00e9 vigoureux. Un tel arbre aura des feuilles nombreuses, larges et bien vertes, contribuant au ressenti de vigueur.<\/p>\n\n\n\n<p class=\"has-medium-font-size\">Th\u00e9oriquement, il serait possible de quantifier la vigueur en mesurant la longueur de toutes les pousses et en en faisant la somme. Mais il y a sur un arbre adulte plusieurs milliers \u2013 ou dizaine de milliers \u2013 de pousses, de 3 mm \u00e0 3 m.<\/p>\n\n\n\n<p class=\"has-medium-font-size\">Bien heureusement, ce travail de titan peut \u00eatre contourn\u00e9&nbsp;:<\/p>\n\n\n\n<p class=\"has-medium-font-size\">La vigueur, corr\u00e9l\u00e9e avec le nombre et la longueur des pousses l\u2019est donc aussi avec le feuillage, et donc avec le flux de s\u00e8ve brute montant des racines vers le feuillage par les vaisseaux du bois. La vigueur peut donc \u00eatre appr\u00e9ci\u00e9e objectivement par la mesure des cernes annuelles de croissance. En pratique, on mesure en hiver le diam\u00e8tre du tronc, et donc sa section. Puis on refait la m\u00eame mesure l\u2019hiver suivant. Par diff\u00e9rence, on calcule la surface, en cm\u00b2, de la derni\u00e8re cerne de croissance. Il est alors possible de la comparer \u00e0 celles des ann\u00e9es pr\u00e9c\u00e9dentes ou \u00e0 celles d\u2019autres arbres ayant eu des modalit\u00e9s de conduite diff\u00e9rentes.<\/p>\n\n\n\n<p class=\"has-medium-font-size\">Qui dit vigueur dit \u00e9nergie.<\/p>\n\n\n\n<p class=\"has-medium-font-size\">Il y a dans l\u2019arbre des <em><u>sources d\u2019\u00e9nergie<\/u><\/em> (le feuillage), et des <em><u>puits d\u2019\u00e9nergie<\/u><\/em> (les fruits, le bois des branches et des racines).<\/p>\n\n\n\n<p class=\"has-medium-font-size\">Pour un arbre jeune, non encore \u00e0 fruit&nbsp;: la taille, en diminuant la surface foliaire en d\u00e9but de v\u00e9g\u00e9tation, diminue la source d\u2019\u00e9nergie et donc la vigueur de l\u2019arbre.<\/p>\n\n\n\n<p class=\"has-medium-font-size\">Comparons maintenant deux arbres en production et identiques. <br><em>A nombre de fruits \u00e9gal<\/em>&nbsp;l\u2019arbre taill\u00e9 sera moins vigoureux puisque&nbsp;:<br><span style=\"letter-spacing: -0.22px;\">La surface foliaire, et donc la source d\u2019\u00e9nergie est moindre, le nombre de fruits conserv\u00e9s en \u00e9t\u00e9 (et donc les puits d\u2019\u00e9nergie) est identique,<\/span><\/p>\n\n\n\n<p class=\"has-medium-font-size\"><span style=\"letter-spacing: -0.22px;\">Donc, au final, sur l\u2019arbre taill\u00e9, vigueur moindre. Toute la subtilit\u00e9 r\u00e9side bien s\u00fbr dans le <\/span><em style=\"letter-spacing: -0.22px;\">\u00ab&nbsp;\u00e0 nombre de fruits \u00e9gal<\/em><span style=\"letter-spacing: -0.22px;\">&nbsp;\u00bb&nbsp;! Car, bien souvent, l\u2019arbre taill\u00e9 portera moins de fruits que le m\u00eame arbre non taill\u00e9&nbsp;:<\/span><\/p>\n\n\n\n<p class=\"has-medium-font-size\">&#8211; soit parce que c\u2019est une esp\u00e8ce qui ne s\u2019\u00e9claircit pas, un cerisier par exemple,<\/p>\n\n\n\n<p class=\"has-medium-font-size\">soit parce que l\u2019on conserve \u2013 sur un p\u00eacher par exemple \u2013 un certain nombre de fruits par rameaux (et non par arbre) et que donc l\u2019arbre taill\u00e9 porte au final moins de fruits que celui qui n\u2019a pas \u00e9t\u00e9 taill\u00e9.<\/p>\n\n\n\n<p class=\"has-medium-font-size\">Nous y reviendrons esp\u00e8ce par esp\u00e8ce.<\/p>\n\n\n\n<h3 class=\"wp-block-heading\"><span class=\"ez-toc-section\" id=\"Faire_une_coupe_correcte\"><\/span><strong><u>Faire une coupe correcte<\/u><\/strong><span class=\"ez-toc-section-end\"><\/span><\/h3>\n\n\n\n<p>Bien que l\u2019arbre mette en place des barri\u00e8res \u00e0 la propagation des pathog\u00e8nes dans le bois, l\u2019arboriculteur veillera \u00e0 faire des coupes les plus propres possibles&nbsp;:<\/p>\n\n\n\n<p>Sch\u00e9mas, rameau, branche coup\u00e9e \u00e0 moiti\u00e9, branche supprim\u00e9e.<\/p>\n\n\n\n<h3 class=\"wp-block-heading\"><span class=\"ez-toc-section\" id=\"En_vegetation_oublier_presque_toujours_le_secateur\"><\/span><strong><u>En v\u00e9g\u00e9tation, oublier (presque toujours) le s\u00e9cateur<\/u><\/strong><span class=\"ez-toc-section-end\"><\/span><\/h3>\n\n\n\n<p>D\u00e9veloppement<\/p>\n\n\n\n<h3 class=\"wp-block-heading\"><span class=\"ez-toc-section\" id=\"En_repos_vegetatif_observer_et_tailler_tous_les_ans\"><\/span><strong><u>En repos v\u00e9g\u00e9tatif, observer (et tailler) tous les ans<\/u><\/strong><span class=\"ez-toc-section-end\"><\/span><\/h3>\n\n\n\n<p>D\u00e9veloppement<\/p>\n\n\n\n<h3 class=\"wp-block-heading\"><span class=\"ez-toc-section\" id=\"Que_faire_dun_arbre_qui_pousse_trop\"><\/span><strong><u>Que faire d\u2019un arbre qui pousse trop&nbsp;?<\/u><\/strong><span class=\"ez-toc-section-end\"><\/span><\/h3>\n\n\n\n<p>D\u00e9veloppement<\/p>\n\n\n\n<h3 class=\"wp-block-heading\"><span class=\"ez-toc-section\" id=\"Que_faire_dun_arbre_qui_ne_se_met_pas_a_fleur\"><\/span><strong><u>Que faire d\u2019un arbre qui ne se met pas \u00e0 fleur\u00a0?<\/u><\/strong><span class=\"ez-toc-section-end\"><\/span><\/h3>\n","protected":false},"excerpt":{"rendered":"<p>Comment une branche s\u2019allonge t-elle&nbsp;? Une branche cro\u00eet en longueur par les nouvelles pousses produites annuellement. Sch\u00e9ma (chaque bourgeon donne une pousse lin\u00e9aire, non ramifi\u00e9e). La croissance s\u2019effectue dans l\u2019extr\u00e9mit\u00e9 non lignifi\u00e9e du rameau. D\u00e8s que la pousse est lignifi\u00e9e, l\u2019accroissement en longueur n\u2019est plus possible. Sch\u00e9ma&nbsp;: une branche, deux marques. Plusieurs ann\u00e9es apr\u00e8s, m\u00eame [&hellip;]<\/p>\n","protected":false},"author":1,"featured_media":0,"parent":29,"menu_order":3,"comment_status":"closed","ping_status":"closed","template":"","meta":{"footnotes":""},"class_list":["post-350","page","type-page","status-publish","hentry"],"_links":{"self":[{"href":"https:\/\/tailler-greffer.fr\/index.php\/wp-json\/wp\/v2\/pages\/350","targetHints":{"allow":["GET"]}}],"collection":[{"href":"https:\/\/tailler-greffer.fr\/index.php\/wp-json\/wp\/v2\/pages"}],"about":[{"href":"https:\/\/tailler-greffer.fr\/index.php\/wp-json\/wp\/v2\/types\/page"}],"author":[{"embeddable":true,"href":"https:\/\/tailler-greffer.fr\/index.php\/wp-json\/wp\/v2\/users\/1"}],"replies":[{"embeddable":true,"href":"https:\/\/tailler-greffer.fr\/index.php\/wp-json\/wp\/v2\/comments?post=350"}],"version-history":[{"count":8,"href":"https:\/\/tailler-greffer.fr\/index.php\/wp-json\/wp\/v2\/pages\/350\/revisions"}],"predecessor-version":[{"id":404,"href":"https:\/\/tailler-greffer.fr\/index.php\/wp-json\/wp\/v2\/pages\/350\/revisions\/404"}],"up":[{"embeddable":true,"href":"https:\/\/tailler-greffer.fr\/index.php\/wp-json\/wp\/v2\/pages\/29"}],"wp:attachment":[{"href":"https:\/\/tailler-greffer.fr\/index.php\/wp-json\/wp\/v2\/media?parent=350"}],"curies":[{"name":"wp","href":"https:\/\/api.w.org\/{rel}","templated":true}]}}