{"id":423,"date":"2026-03-25T09:34:10","date_gmt":"2026-03-25T09:34:10","guid":{"rendered":"https:\/\/tailler-greffer.fr\/?page_id=423"},"modified":"2026-03-25T10:23:21","modified_gmt":"2026-03-25T10:23:21","slug":"le-greffoir","status":"publish","type":"page","link":"https:\/\/tailler-greffer.fr\/index.php\/greffer\/le-greffoir\/","title":{"rendered":"Le Greffoir"},"content":{"rendered":"\n<p>Si vous d\u00e9butez dans le greffage et que vous n&rsquo;avez pas de greffoir, faites simple : achetez un couteau Opinel, qui est peu on\u00e9reux et fait un greffoir correct. R\u00e9servez-le \u00e0 la taille des greffons : il en coupera correctement des centaines sans avoir \u00e0 \u00eatre aiguis\u00e9.<\/p>\n","protected":false},"excerpt":{"rendered":"<p>Si vous d\u00e9butez dans le greffage et que vous n&rsquo;avez pas de greffoir, faites simple : achetez un couteau Opinel, qui est peu on\u00e9reux et fait un greffoir correct. R\u00e9servez-le \u00e0 la taille des greffons : il en coupera correctement des centaines sans avoir \u00e0 \u00eatre aiguis\u00e9.<\/p>\n","protected":false},"author":1,"featured_media":0,"parent":31,"menu_order":10,"comment_status":"closed","ping_status":"closed","template":"","meta":{"footnotes":""},"class_list":["post-423","page","type-page","status-publish","hentry"],"_links":{"self":[{"href":"https:\/\/tailler-greffer.fr\/index.php\/wp-json\/wp\/v2\/pages\/423","targetHints":{"allow":["GET"]}}],"collection":[{"href":"https:\/\/tailler-greffer.fr\/index.php\/wp-json\/wp\/v2\/pages"}],"about":[{"href":"https:\/\/tailler-greffer.fr\/index.php\/wp-json\/wp\/v2\/types\/page"}],"author":[{"embeddable":true,"href":"https:\/\/tailler-greffer.fr\/index.php\/wp-json\/wp\/v2\/users\/1"}],"replies":[{"embeddable":true,"href":"https:\/\/tailler-greffer.fr\/index.php\/wp-json\/wp\/v2\/comments?post=423"}],"version-history":[{"count":2,"href":"https:\/\/tailler-greffer.fr\/index.php\/wp-json\/wp\/v2\/pages\/423\/revisions"}],"predecessor-version":[{"id":425,"href":"https:\/\/tailler-greffer.fr\/index.php\/wp-json\/wp\/v2\/pages\/423\/revisions\/425"}],"up":[{"embeddable":true,"href":"https:\/\/tailler-greffer.fr\/index.php\/wp-json\/wp\/v2\/pages\/31"}],"wp:attachment":[{"href":"https:\/\/tailler-greffer.fr\/index.php\/wp-json\/wp\/v2\/media?parent=423"}],"curies":[{"name":"wp","href":"https:\/\/api.w.org\/{rel}","templated":true}]}}