{"id":429,"date":"2026-03-25T09:36:27","date_gmt":"2026-03-25T09:36:27","guid":{"rendered":"https:\/\/tailler-greffer.fr\/?page_id=429"},"modified":"2026-03-25T10:23:58","modified_gmt":"2026-03-25T10:23:58","slug":"le-prelevement-et-la-conservation-des-greffons","status":"publish","type":"page","link":"https:\/\/tailler-greffer.fr\/index.php\/greffer\/le-prelevement-et-la-conservation-des-greffons\/","title":{"rendered":"Le pr\u00e9l\u00e8vement et la conservation des greffons"},"content":{"rendered":"\n<p>Pour la greffe en COURONNE (pour les greffes en CADILHAC, en FENTE et en ANGLAISE lorsque les greffons sont pr\u00e9lev\u00e9s \u00e0 l&rsquo;avance), la meilleure conservation est obtenue dans un <strong>r\u00e9frig\u00e9rateur<\/strong>. Mettre les greffons dans un sac plastique (sac poubelle) bien ferm\u00e9. 2 \u00e0 5\u00b0C. Si le r\u00e9frig\u00e9rateur ne contient que les greffons, mettre quelques bouteilles plastique remplies d&rsquo;eau (et ferm\u00e9es) : elles limiteront les variations de temp\u00e9rature. Si le r\u00e9frig\u00e9rateur givre, s&rsquo;il passe en temp\u00e9rature n\u00e9gative : remonter le thermostat et attendre quelques jours.<\/p>\n\n\n\n<p>Greffe en ECUSSON : couper les feuilles (p\u00e9tioles coup\u00e9s \u00e0 mi longueur) imm\u00e9diatement apr\u00e8s avoir coup\u00e9 la \u00ab\u00a0baguette-greffon\u00a0\u00bb qui est toujours une pousse de l&rsquo;ann\u00e9e. Le pr\u00e9l\u00e8vement se fait toujours au plus proche du greffage. Pour une conservation de quelques heures \/ une journ\u00e9e, les conserver dans du papier journal.<br>Si n\u00e9cessaire, pour une conservation durant quelques jours : les conserver dans un endroit frais, \u00e0 l&rsquo;ombre, en position verticale, la base des baguette trempant dans un r\u00e9cipient contenant quelques cm d&rsquo;eau .<\/p>\n","protected":false},"excerpt":{"rendered":"<p>Pour la greffe en COURONNE (pour les greffes en CADILHAC, en FENTE et en ANGLAISE lorsque les greffons sont pr\u00e9lev\u00e9s \u00e0 l&rsquo;avance), la meilleure conservation est obtenue dans un r\u00e9frig\u00e9rateur. Mettre les greffons dans un sac plastique (sac poubelle) bien ferm\u00e9. 2 \u00e0 5\u00b0C. Si le r\u00e9frig\u00e9rateur ne contient que les greffons, mettre quelques bouteilles [&hellip;]<\/p>\n","protected":false},"author":1,"featured_media":0,"parent":31,"menu_order":14,"comment_status":"closed","ping_status":"closed","template":"","meta":{"footnotes":""},"class_list":["post-429","page","type-page","status-publish","hentry"],"_links":{"self":[{"href":"https:\/\/tailler-greffer.fr\/index.php\/wp-json\/wp\/v2\/pages\/429","targetHints":{"allow":["GET"]}}],"collection":[{"href":"https:\/\/tailler-greffer.fr\/index.php\/wp-json\/wp\/v2\/pages"}],"about":[{"href":"https:\/\/tailler-greffer.fr\/index.php\/wp-json\/wp\/v2\/types\/page"}],"author":[{"embeddable":true,"href":"https:\/\/tailler-greffer.fr\/index.php\/wp-json\/wp\/v2\/users\/1"}],"replies":[{"embeddable":true,"href":"https:\/\/tailler-greffer.fr\/index.php\/wp-json\/wp\/v2\/comments?post=429"}],"version-history":[{"count":2,"href":"https:\/\/tailler-greffer.fr\/index.php\/wp-json\/wp\/v2\/pages\/429\/revisions"}],"predecessor-version":[{"id":431,"href":"https:\/\/tailler-greffer.fr\/index.php\/wp-json\/wp\/v2\/pages\/429\/revisions\/431"}],"up":[{"embeddable":true,"href":"https:\/\/tailler-greffer.fr\/index.php\/wp-json\/wp\/v2\/pages\/31"}],"wp:attachment":[{"href":"https:\/\/tailler-greffer.fr\/index.php\/wp-json\/wp\/v2\/media?parent=429"}],"curies":[{"name":"wp","href":"https:\/\/api.w.org\/{rel}","templated":true}]}}