{"id":475,"date":"2026-03-29T08:51:47","date_gmt":"2026-03-29T08:51:47","guid":{"rendered":"https:\/\/tailler-greffer.fr\/?page_id=475"},"modified":"2026-03-31T09:08:33","modified_gmt":"2026-03-31T09:08:33","slug":"presentation-des-differentes-techniques-de-greffage","status":"publish","type":"page","link":"https:\/\/tailler-greffer.fr\/index.php\/greffer\/les-greffes-de-fin-dhiver-fente-cadilhac-et-anglaise\/presentation-des-differentes-techniques-de-greffage\/","title":{"rendered":"Pr\u00e9sentation des diff\u00e9rentes techniques de greffage"},"content":{"rendered":"\n<p>Je vais d\u00e9crire dans les pages suivantes les trois greffes qui seront le plus utiles au jardinier et avec lesquelles il se sortira d&rsquo;\u00e0 peu pr\u00e8s toutes les situations :<br>La <strong>FENTE<\/strong>, qui d\u00e9bute la saison de greffage en fin d&rsquo;hiver \/ d\u00e9but de printemps,<br>La <strong>COURONNE<\/strong>, au d\u00e9bourrement,<br><strong>L&rsquo;ECUSSON <\/strong>\u00e0 oeil dormant, en descente de s\u00e8ve.<\/p>\n\n\n\n<p><em>Les principales autres greffes sont <\/em>:<\/p>\n\n\n\n<div class=\"wp-block-columns are-vertically-aligned-center is-layout-flex wp-container-core-columns-is-layout-28f84493 wp-block-columns-is-layout-flex\">\n<div class=\"wp-block-column is-vertically-aligned-center is-layout-flow wp-block-column-is-layout-flow\" style=\"flex-basis:66.66%\">\n<figure class=\"wp-block-image size-full\"><img loading=\"lazy\" decoding=\"async\" width=\"1000\" height=\"1333\" src=\"https:\/\/tailler-greffer.fr\/wp-content\/uploads\/2026\/03\/cadilhac-terminee-avant-mastic-1.webp\" alt=\"\" class=\"wp-image-481\" srcset=\"https:\/\/tailler-greffer.fr\/wp-content\/uploads\/2026\/03\/cadilhac-terminee-avant-mastic-1.webp 1000w, https:\/\/tailler-greffer.fr\/wp-content\/uploads\/2026\/03\/cadilhac-terminee-avant-mastic-1-375x500.webp 375w, https:\/\/tailler-greffer.fr\/wp-content\/uploads\/2026\/03\/cadilhac-terminee-avant-mastic-1-768x1024.webp 768w\" sizes=\"auto, (max-width: 1000px) 100vw, 1000px\" \/><\/figure>\n<\/div>\n\n\n\n<div class=\"wp-block-column is-vertically-aligned-center is-layout-flow wp-block-column-is-layout-flow\" style=\"flex-basis:33.33%\">\n<p>La CADILHAC : c&rsquo;est une fente sur le c\u00f4t\u00e9, sur de petits sujets (un an ou deux). Rapide d&rsquo;ex\u00e9cution, sans attachage, elle est pratiqu\u00e9e en p\u00e9pini\u00e8re (ici, p\u00e9pini\u00e8re ch\u00e2taigniers).<\/p>\n<\/div>\n<\/div>\n\n\n\n<p>L&rsquo;ANGLAISE : en d\u00e9but de saison, aux m\u00eames \u00e9poques que la Fente et la Cadilhac, l&rsquo;Anglaise peut (comme la Fente) \u00eatre pratiqu\u00e9e sur des jeunes pousses (un ou deux ans) ou sur des sujets plus \u00e2g\u00e9es :<br><\/p>\n\n\n\n<div class=\"wp-block-columns is-layout-flex wp-container-core-columns-is-layout-28f84493 wp-block-columns-is-layout-flex\">\n<div class=\"wp-block-column is-layout-flow wp-block-column-is-layout-flow\" style=\"flex-basis:66.66%\">\n<figure class=\"wp-block-image size-full\"><img loading=\"lazy\" decoding=\"async\" width=\"600\" height=\"944\" src=\"https:\/\/tailler-greffer.fr\/wp-content\/uploads\/2026\/03\/2-greffons-poses.webp\" alt=\"\" class=\"wp-image-486\" srcset=\"https:\/\/tailler-greffer.fr\/wp-content\/uploads\/2026\/03\/2-greffons-poses.webp 600w, https:\/\/tailler-greffer.fr\/wp-content\/uploads\/2026\/03\/2-greffons-poses-318x500.webp 318w\" sizes=\"auto, (max-width: 600px) 100vw, 600px\" \/><\/figure>\n<\/div>\n\n\n\n<div class=\"wp-block-column is-vertically-aligned-center is-layout-flow wp-block-column-is-layout-flow\" style=\"flex-basis:33.33%\">\n<p>surgreffage en Anglaise d&rsquo;un verger de pommiers.<br>Je trouve l&rsquo;ex\u00e9cution de l&rsquo;Anglaise \u00ab\u00a0pas plus ais\u00e9e\u00a0\u00bb que celle de la Fente.<br><\/p>\n<\/div>\n<\/div>\n\n\n\n<p>L&rsquo;INCRUSTATION  Epoque et technique de pose du m\u00eame type que la Fente, la Cadilhac et l&rsquo;Anglaise. Elle requiert un bon coup de main, d&rsquo;o\u00f9 son usage quasi exclusif en p\u00e9pini\u00e8re (fruiti\u00e8re ou ornementale).<\/p>\n\n\n\n<div class=\"wp-block-columns is-layout-flex wp-container-core-columns-is-layout-28f84493 wp-block-columns-is-layout-flex\">\n<div class=\"wp-block-column is-layout-flow wp-block-column-is-layout-flow\" style=\"flex-basis:66.66%\">\n<figure class=\"wp-block-image size-full\"><img loading=\"lazy\" decoding=\"async\" width=\"500\" height=\"1293\" src=\"https:\/\/tailler-greffer.fr\/wp-content\/uploads\/2026\/03\/sifflet-pose-1.webp\" alt=\"\" class=\"wp-image-489\" srcset=\"https:\/\/tailler-greffer.fr\/wp-content\/uploads\/2026\/03\/sifflet-pose-1.webp 500w, https:\/\/tailler-greffer.fr\/wp-content\/uploads\/2026\/03\/sifflet-pose-1-193x500.webp 193w\" sizes=\"auto, (max-width: 500px) 100vw, 500px\" \/><\/figure>\n<\/div>\n\n\n\n<div class=\"wp-block-column is-vertically-aligned-center is-layout-flow wp-block-column-is-layout-flow\" style=\"flex-basis:33.33%\">\n<p>Le SIFFLET (ou Fl\u00fbte, Chamarel) : en mont\u00e9e de s\u00e8ve, d\u00e8s que l&rsquo;\u00e9corce se d\u00e9colle, un tube d&rsquo;\u00e9corce, avec un bourgeon, est pr\u00e9lev\u00e9 sur une pousse vigoureuse (gourmand) de l&rsquo;arbre donneur de greffons.<br>Puis ins\u00e9r\u00e9 sur un gourmand de m\u00eame diam\u00e8tre du porte-greffe (ce qui vient d&rsquo;\u00eatre fait sur cette photo).<br>Greffe du berger (pas besoin de lien, de mastic).<br>La grande majorit\u00e9 des vieux ch\u00e2taigniers ont \u00e9t\u00e9 greff\u00e9s par cette technique.<br>Gr\u00e2ce au scotch, au mastic, au frigo, on lui pr\u00e9f\u00e8re aujourd&rsquo;hui la Couronne, ou la Fente qui permettent de greffer sur une fen\u00eatre de temps plus large.<\/p>\n<\/div>\n<\/div>\n\n\n\n<p><br>L&rsquo;ECUSSON \u00e0 oeil poussant : en pleine mont\u00e9e de s\u00e8ve, d\u00e8s que l&rsquo;\u00e9corce du porte-greffe se d\u00e9colle bien. Technique proche de l&rsquo;Ecusson \u00e0 oeil dormant, mais plus d\u00e9licate. On croit gagner du temps par rapport \u00e0 un \u00e9cusson en oeil dormant en fin de saison, mais on en perd souvent !<\/p>\n\n\n\n<p>Le PLACAGE  Technique proche de l&rsquo;Ecusson, mais avec pr\u00e9l\u00e8vement d&rsquo;une surface plus grande d&rsquo;\u00e9corce, de forme rectangulaire. Comme l&rsquo;Ecusson \u00e9galement, peut \u00eatre fait \u00e0 oeil poussant ou \u00e0 oeil dormant. Pratiqu\u00e9 en ch\u00e2taignier, olivier. Ex\u00e9cution d\u00e9licate.<\/p>\n\n\n\n<p>Le CHIP BUDING  S&rsquo;apparente \u00e0 un Ecusson, mais avec pr\u00e9l\u00e8vement d&rsquo;\u00e9corce <strong>et <\/strong>de bois (\u00e9corce seulement pour l&rsquo;Ecusson). A oeil poussant ou \u00e0 oeil dormant. Plus technique que l&rsquo;Ecusson. Surtout employ\u00e9 en p\u00e9pini\u00e8re (vigne).<\/p>\n","protected":false},"excerpt":{"rendered":"<p>Je vais d\u00e9crire dans les pages suivantes les trois greffes qui seront le plus utiles au jardinier et avec lesquelles il se sortira d&rsquo;\u00e0 peu pr\u00e8s toutes les situations :La FENTE, qui d\u00e9bute la saison de greffage en fin d&rsquo;hiver \/ d\u00e9but de printemps,La COURONNE, au d\u00e9bourrement,L&rsquo;ECUSSON \u00e0 oeil dormant, en descente de s\u00e8ve. Les [&hellip;]<\/p>\n","protected":false},"author":1,"featured_media":0,"parent":432,"menu_order":0,"comment_status":"closed","ping_status":"closed","template":"","meta":{"footnotes":""},"class_list":["post-475","page","type-page","status-publish","hentry"],"_links":{"self":[{"href":"https:\/\/tailler-greffer.fr\/index.php\/wp-json\/wp\/v2\/pages\/475","targetHints":{"allow":["GET"]}}],"collection":[{"href":"https:\/\/tailler-greffer.fr\/index.php\/wp-json\/wp\/v2\/pages"}],"about":[{"href":"https:\/\/tailler-greffer.fr\/index.php\/wp-json\/wp\/v2\/types\/page"}],"author":[{"embeddable":true,"href":"https:\/\/tailler-greffer.fr\/index.php\/wp-json\/wp\/v2\/users\/1"}],"replies":[{"embeddable":true,"href":"https:\/\/tailler-greffer.fr\/index.php\/wp-json\/wp\/v2\/comments?post=475"}],"version-history":[{"count":5,"href":"https:\/\/tailler-greffer.fr\/index.php\/wp-json\/wp\/v2\/pages\/475\/revisions"}],"predecessor-version":[{"id":492,"href":"https:\/\/tailler-greffer.fr\/index.php\/wp-json\/wp\/v2\/pages\/475\/revisions\/492"}],"up":[{"embeddable":true,"href":"https:\/\/tailler-greffer.fr\/index.php\/wp-json\/wp\/v2\/pages\/432"}],"wp:attachment":[{"href":"https:\/\/tailler-greffer.fr\/index.php\/wp-json\/wp\/v2\/media?parent=475"}],"curies":[{"name":"wp","href":"https:\/\/api.w.org\/{rel}","templated":true}]}}